620?
9
What is the millions digit of 9760611?
9
What is the thousands digit of 38489945?
9
What is the hundred thousands digit of 2312635?
3
What is the thousands digit of 3671023?
1
What is the ten thousands digit of 926684?
2
What is the thousands digit of 4181052?
1
What is the thousands digit of 284656?
4
What is the units digit of 712869?
9
What is the ten thousands digit of 3137874?
3
What is the hundred thousands digit of 541009?
5
What is the thousands digit of 4830920?
0
What is the ten thousands digit of 1322425?
2
What is the thousands digit of 3353939?
3
What is the units digit of 285738?
8
What is the thousands digit of 759809?
9
What is the tens digit of 2702768?
6
What is the millions digit of 2049818?
2
What is the hundred thousands digit of 351698?
3
What is the tens digit of 57709?
0
What is the ten thousands digit of 187196?
8
What is the hundred thousands digit of 374098?
3
What is the hundred thousands digit of 8087155?
0
What is the thousands digit of 210401?
0
What is the thousands digit of 18332851?
2
What is the hundreds digit of 13880?
8
What is the ten thousands digit of 178557?
7
What is the units digit of 92129?
9
What is the units digit of 16781096?
6
What is the hundred thousands digit of 6081856?
0
What is the ten thousands digit of 459261?
5
What is the hundred thousands digit of 112166?
1
What is the hundred thousands digit of 258047?
2
What is the thousands digit of 3529583?
9
What is the units digit of 1213194?
4
What is the thousands digit of 1980805?
0
What is the millions digit of 2326336?
2
What is the millions digit of 1044031?
1
What is the hundred thousands digit of 289257?
2
What is the thousands digit of 14808638?
8
What is the ten millions digit of 13909733?
1
What is the units digit of 9556?
6
What is the hundred thousands digit of 1176046?
1
What is the hundred thousands digit of 19489569?
4
What is the hundred thousands digit of 1890821?
8
What is the thousands digit of 890819?
0
What is the thousands digit of 695454?
5
What is the millions digit of 9076469?
9
What is the tens digit of 2273512?
1
What is the tens digit of 782635?
3
What is the hundred thousands digit of 383382?
3
What is the units digit of 3818249?
9
What is the tens digit of 300667?
6
What is the hundreds digit of 18239746?
7
What is the units digit of 94155?
5
What is the hundreds digit of 178622?
6
What is the hundreds digit of 897657?
6
What is the units digit of 48094?
4
What is the ten thousands digit of 1610049?
1
What is the hundred thousands digit of 7724610?
7
What is the units digit of 11393909?
9
What is the tens digit of 26890783?
8
What is the thousands digit of 125038?
5
What is the millions digit of 1389897?
1
What is the tens digit of 18289916?
1
What is the tens digit of 185446?
4
What is the ten millions digit of 24043028?
2
What is the millions digit of 1643834?
1
What is the ten thousands digit of 1648191?
4
What is the units digit of 5349413?
3
What is the tens digit of 285943?
4
What is the hundreds digit of 839322?
3
What is the hundreds digit of 3290120?
1
What is the ten thousands digit of 557002?
5
What is the thousands digit of 29452?
9
What is the tens digit of 1215260?
6
What is the hundreds digit of 626331?
3
What is the hundreds digit of 15637012?
0
What is the hundred thousands digit of 744513?
7
What is the units digit of 336562?
2
What is the units digit of 26651?
1
What is the millions digit of 2850330?
2
What is the ten thousands digit of 1619672?
1
What is the hundred thousands digit of 1245829?
2
What is the tens digit of 54901?
0
What is the units digit of 109954?
4
What is the thousands digit of 4923495?
3
What is the hundred thousands digit of 9466539?
4
What is the ten thousands digit of 4098992?
9
What is the hundred thousands digit of 1381913?
3
What is the ten thousands digit of 1873419?
7
What is the hundreds digit of 896062?
0
What is the thousands digit of 205890?
5
What is the ten thousands digit of 811607?
1
What is the ten thousands digit of 271491?
7
What is the thousands digit of 241842?
1
What is the hundred thousands digit of 119355?
1
What is the millions digit of 2308316?
2
What is the hundreds digit of 198710?
7
What is the hundred thousands digit of 4156269?
1
What is the thousands digit of 3181397?
1
What is the units digit of 9745?
5
What is the thousands digit of 21018250?
8
What is the ten thousands digit of 374244?
7
What is the millions digit of 1809017?
1
What is the ten thousands digit of 9788170?
8
What is the hundreds digit of 13241025?
0
What is the hundred thousands digit of 303278?
3
What is the hundreds digit of 12154287?
2
What is the hundreds digit of 577626?
6
What is the hundreds digit of 3788684?
6
What is the units digit of 1072246?
6
What is the ten thousands digit of 1399775?
9
What is the ten thousands digit of 451809?
5
What is the hundreds digit of 17110084?
0
What is the hundred thousands digit of 2480755?
4
What is the ten thousands digit of 5129205?
2
What is the ten thousands digit of 153542?
5
What is the ten thousands digit of 17625975?
2
What is the ten thousands digit of 261896?
6
What is the millions digit of 32190172?
2
What is the tens digit of 43273?
7
What is the thousands digit of 315862?
5
What is the tens digit of 3121797?
9
What is the units digit of 1654506?
6
What is the thousands digit of 121578?
1
What is the units digit of 136058?
8
What is the hundreds digit of 7501365?
3
What is the tens digit of 57464?
6
What is the hundreds digit of 55614?
6
What is the hundred thousands digit of 6170113?
1
What is the hundreds digit of 12220119?
1
What is the units digit of 2187617?
7
What is the ten thousands digit of 1402377?
0
What is the ten thousands digit of 969418?
6
What is the thousands digit of 469602?
9
What is the hundred thousands digit of 204658?
2
What is the hundreds digit of 6570076?
0
What is the ten thousands digit of 581243?
8
What is the units digit of 380291?
1
What is the ten thousands digit of 6917408?
1
What is the thousands digit of 587364?
7
What is the hundreds digit of 926340?
3
What is the hundreds digit of 1419289?
2
What is the hundred thousands digit of 345220?
3
What is the hundred thousands digit of 224103?
2
What is the units digit of 23789179?
9
What is the ten thousands digit of 1437832?
3
What is the millions digit of 2683420?
2
What is the tens digit of 1052057?
5
What is the hundreds digit of 1626968?
9
What is the ten thousands digit of 511794?
1
What is the tens digit of 196815?
1
What is the tens digit of 19132376?
7
What is the ten thousands digit of 7859430?
5
What is the tens digit of 8508?
0
What is the hundred thousands digit of 1240047?
2
What is the thousands digit of 68919?
8
What is the units digit of 4017699?
9
What is the millions digit of 3157644?
3
What is the ten thousands digit of 14695289?
9
What is the hundred thousands digit of 1507502?
5
What is the millions digit of 12934195?
2
What is the hundreds digit of 3509935?
9
What is the ten thousands digit of 7101173?
0
What is the ten thousands digit of 123619?
2
What is the hundred thousands digit of 207952?
2
What is the thousands digit of 100328?
0
What is the thousands digit of 55694?
5
What is the thousands digit of 95618?
5
What is the hundreds digit of 13253401?
4
What is the hundred thousands digit of 157074?
1
What is the units digit of 822466?
6
What is the hundreds digit of 401208?
2
What is the hundreds digit of 6296939?
9
What is the hundreds digit of 2323420?
4
What is the hundreds digit of 139805?
8
What is the tens digit of 141065?
6
What is the units digit of 380060?
0
What is the thousands digit of 3902857?
2
What is the tens digit of 1597074?
7
What is the units digit of 239200?
0
What is the millions digit of 2026087?
2
What is the millions digit of 2197575?
2
What is the millions digit of 2682448?
2
What is the millions digit of 5475482?
5
What is the thousands digit of 922981?
2
What is the thousands digit of 4207875?
7
What is the tens digit of 3389413?
1
What is the ten thousands digit of 205587?
0
What is the units digit of 115245?
5
What is the units digit of 60537?
7
What is the hundred thousands digit of 786029?
7
What is the hundred thousands digit of 775665?
7
What is the hundreds digit of 9327